457 + -3b433?
-3adba
In base 3, what is -11021 + -201120101100?
-201120112121
In base 13, what is 0 + -1a78b5?
-1a78b5
In base 6, what is -453 - -440023?
435130
In base 15, what is 19c8 - 11a2?
826
In base 2, what is -1101110111 - 10100001111000011?
-10100011100111010
In base 9, what is 21 + -2560237?
-2560216
In base 4, what is -2 + 12110202232?
12110202230
In base 12, what is -153594 + 16?
-15357a
In base 13, what is -3ac2242 + 0?
-3ac2242
In base 4, what is 0 + -130330032331?
-130330032331
In base 9, what is 42561442 + -4?
42561437
In base 5, what is -2 + -1131331144?
-1131331201
In base 11, what is -47 + 267628?
267591
In base 5, what is 421213144 - -212?
421213411
In base 6, what is 11 - 31311210?
-31311155
In base 15, what is -c36 - 37e99?
-38bd0
In base 8, what is 3140172 - -262?
3140454
In base 10, what is 30 + 1064201?
1064231
In base 4, what is 233211333 - -3?
233212002
In base 7, what is -3 - 13123100?
-13123103
In base 2, what is -1110010 - 1000111101111101?
-1000111111101111
In base 15, what is 10d + -2491b?
-2480d
In base 12, what is -1801 - -952?
-a6b
In base 13, what is 2 - 24279322?
-24279320
In base 12, what is 708a590 + 5?
708a595
In base 12, what is -5 - 2b4b81b?
-2b4b824
In base 5, what is -10201 - -2302401?
2242200
In base 4, what is -10022110 - -130320?
-3231130
In base 5, what is 4232 - 104114412?
-104110130
In base 14, what is 0 - -a10a88?
a10a88
In base 15, what is 12a - 30b95d?
-30b833
In base 8, what is -65270 - 1327?
-66617
In base 8, what is -121 + -404?
-525
In base 5, what is -312121 + -34302?
-401423
In base 13, what is 1c769 - -3b9?
1cb55
In base 4, what is -1130023 + 120001?
-1010022
In base 11, what is -38a4 - -11816?
8a22
In base 5, what is 1104 - -120410031?
120411140
In base 8, what is 15604 - -1326?
17132
In base 10, what is -8 + 18350388?
18350380
In base 6, what is 230344042 - -1012?
230345054
In base 15, what is -2 - -117a1e?
117a1c
In base 3, what is -120221112 - -1012111220?
121120101
In base 16, what is -7997ada + d?
-7997acd
In base 6, what is -120543443 + 3?
-120543440
In base 5, what is -1232304313 - -11?
-1232304302
In base 9, what is 16153545 - -5?
16153551
In base 10, what is 6 + 36879543?
36879549
In base 10, what is 690 - 1543686?
-1542996
In base 6, what is -2151 - -135032?
132441
In base 14, what is 2cdb91 + 95?
2cdc46
In base 15, what is -4 - -222cd6?
222cd2
In base 7, what is 215035156 - -2?
215035161
In base 5, what is -102333241142 + 1?
-102333241141
In base 4, what is -123131210 - 1102101?
-130233311
In base 14, what is -12 - -1dd61d?
1dd60b
In base 6, what is -4204 + -241152?
-245400
In base 14, what is b9 - -8388?
8463
In base 11, what is -184 - 1332a5?
-133479
In base 16, what is 3544 + -2ac?
3298
In base 7, what is 202053 - -141?
202224
In base 7, what is 20023312 + -133?
20023146
In base 15, what is -162d0 + -2b?
-1630b
In base 14, what is 21c6 - 46b?
1b59
In base 7, what is -65211 + -2165?
-100406
In base 16, what is -326a0a75 - 4?
-326a0a79
In base 12, what is -453 - -a8b?
638
In base 16, what is -593 + -177d?
-1d10
In base 3, what is 20201111001 - -1122?
20201112200
In base 15, what is -385985d9 + 5?
-385985d4
In base 5, what is 131 - 1210441301?
-1210441120
In base 9, what is 11876 - 153?
11723
In base 2, what is 1000001111001101101100 + -101?
1000001111001101100111
In base 14, what is 8 + -347d62?
-347d58
In base 6, what is 4 - 2111400134?
-2111400130
In base 10, what is -5154 - -733?
-4421
In base 6, what is -234 + -104013?
-104251
In base 3, what is 2220101000100 + -1?
2220101000022
In base 2, what is 100 - -10111000111110110010110111?
10111000111110110010111011
In base 6, what is 3112324 + -4031?
3104253
In base 6, what is 5 + -30553413?
-30553404
In base 2, what is 10000101100001101100 + 101100?
10000101100010011000
In base 7, what is -3542231 - 301?
-3542532
In base 2, what is -100000011011101101000 + -101?
-100000011011101101101
In base 11, what is -9193 - -198?
-8aa6
In base 16, what is -1638933 - a?
-163893d
In base 4, what is -130 - -12232313331?
12232313201
In base 12, what is -b421 + -1439?
-1085a
In base 2, what is 10 + -1110001011011111000111?
-1110001011011111000101
In base 14, what is 101c69c5 - 6?
101c69bd
In base 4, what is 13 - -10323020010102?
10323020010121
In base 3, what is 10100 + 2112202020?
2112212120
In base 2, what is 111 - 10001101100101011001011?
-10001101100101011000100
In base 4, what is 122 + -1311220333?
-1311220211
In base 5, what is -4121 - -40310?
31134
In base 6, what is 4003510 - 23015?
3540451
In base 7, what is 520633 + -4326?
513304
In base 12, what is 1755 + -719ba?
-70265
In base 13, what is 7 - -615785?
61578c
In base 7, what is 5364 + -24662?
-16265
In base 10, what is 1441751 + -22?
1441729
In base 6, what is -10123 + -3535131?
-3545254
In base 7, what is 6450 - -21030?
30510
In base 16, what is 2ca09d - -a?
2ca0a7
In base 8, what is 166004713 + -3?
166004710
In base 14, what is 12d24b9 - 0?
12d24b9
In base 7, what is 1623 - -303414?
305340
In base 11, what is 12 + -9196605?
-91965a3
In base 6, what is -1 - -401044253?
401044252
In base 8, what is -5023635 + 15?
-5023620
In base 2, what is -100 + 11100001000000000111111?
11100001000000000111011
In base 5, what is 10033134 - -32111?
10120300
In base 12, what is 20373a - 53?
2036a7
In base 15, what is -4c + 40973b?
4096de
In base 8, what is -2 + 5050366?
5050364
In base 15, what is -848de5 + -4?
-848de9
In base 13, what is 90c30c - -6?
90c315
In base 6, what is 13125 - -152240?
205405
In base 10, what is -70 - 57260?
-57330
In base 12, what is -14667 - -b76?
-136b1
In base 6, what is -25101210 + -3?
-25101213
In base 10, what is -10431197 + -67?
-10431264
In base 16, what is -6d0e - -19?
-6cf5
In base 12, what is -1 + 71a84994?
71a84993
In base 4, what is -1001122 + 132232311?
131231123
In base 5, what is -31234121232 - 3?
-31234121240
In base 11, what is -8725aa - -352?
-872258
In base 14, what is c - 1688bd8?
-1688bca
In base 12, what is 103426a - 4?
1034266
In base 3, what is -1 + -12210200210202?
-12210200210210
In base 12, what is -9b - -4b096?
4abb7
In base 15, what is 932 - 3466?
-2a34
In base 6, what is -51322234020 + 1?
-51322234015
In base 3, what is -1110112 + -2102101002?
-2110211121
In base 16, what is -836b - -dc?
-828f
In base 3, what is 0 + -1022122120120?
-1022122120120
In base 14, what is 25920 - -9d5?
26515
In base 9, what is 7 + 627240?
627247
In base 2, what is -110010010000 + 111011100010100?
110101010000100
In base 12, what is 248 + 7294?
7520
In base 12, what is 27771 + 664?
28215
In base 12, what is -12071424 + -8?
-12071430
In base 16, what is -5 + -925a66?
-925a6b
In base 9, what is -180050 - -226?
-178723
In base 3, what is -202220021 - -2202010?
-200011011
In base 9, what is -10 + -78343644?
-78343654
In base 9, what is 2 + -28563552?
-28563550
In base 9, what is -508 + 244810?
244301
In base 8, what is 5 - 26112151?
-26112144
In base 13, what is 5 + -c13649?
-c13644
In base 6, what is -302331412 - 13?
-302331425
In base 7, what is 2105235 + 236?
2105504
In base 5, what is 110 - -134424121?
134424231
In base 10, what is -139684 + 10?
-139674
In base 5, what is 212400 - -4220?
222120
In base 2, what is 1011011111110 + -1000100100001011?
-111001000001101
In base 9, what is 1830 + 1180812?
1182742
In base 2, what is 111111 + -11100010100011111000?
-11100010100010111001
In base 10, what is 1 + 81351436?
81351437
In base 6, what is 44425441 - 20?
44425421
In base 2, what is 110001001010 + 11001000110?
1001010010000
In base 5, what is 143303 + 330014?
1023322
In base 9, what is -3 + -213672171?
-213672174
In base 13, what is -626945a + 3?
-6269457
In base 3, what is 12112220021 + 1021020?
12121011111
In base 15, what is 940dd - 9b2?
9362b
In base 2, what is 100 + 101110111101000011010010?
101110111101000011010110
In base 4, what is 2111 - 13313103002?
-13313100231
In base 10, what is 40085687 + 2?
40085689
In base 7, what is 0 - 1353536?
-1353536
In base 14, what is a86 - 1d5c1?
-1c939
In base 6, what is -22405431212 + -3?
-22405431215
In base 6, what is 1 + -324203300?
-324203255
In base 13, what is -41a39a9 - 2?
-41a39ab
In base 8, what is 121200556 - 0?
121200556
In base 2, what is 110110000111110 + -111100011000?
101110100100110
In base 9, what is 3